{"version":"1.0","provider_name":"Blog Carturesti","provider_url":"https:\/\/blog.carturesti.ro","author_name":"C\u0103rture\u015fti","author_url":"https:\/\/blog.carturesti.ro\/author\/oanad\/","title":"C\u0103rture\u0219ti Carusel se deschide \u00een centrul istoric al Bucure\u0219tiului - Blog Carturesti","type":"rich","width":600,"height":338,"html":"<blockquote class=\"wp-embedded-content\"><a href=\"https:\/\/blog.carturesti.ro\/carturesti-carusel-se-deschide-in-centrul-istoric-al-bucurestiului\/\">C\u0103rture\u0219ti Carusel se deschide \u00een centrul istoric al Bucure\u0219tiului<\/a><\/blockquote>\n<script type='text\/javascript'>\n<!--\/\/--><![CDATA[\/\/><!--\n\t\t!function(d,l){\"use strict\";var e=!1,o=!1;if(l.querySelector)if(d.addEventListener)e=!0;if(d.wp=d.wp||{},!d.wp.receiveEmbedMessage)if(d.wp.receiveEmbedMessage=function(e){var t=e.data;if(t)if(t.secret||t.message||t.value)if(!\/[^a-zA-Z0-9]\/.test(t.secret)){var r,a,i,s,n,o=l.querySelectorAll('iframe[data-secret=\"'+t.secret+'\"]'),c=l.querySelectorAll('blockquote[data-secret=\"'+t.secret+'\"]');for(r=0;r<c.length;r++)c[r].style.display=\"none\";for(r=0;r<o.length;r++)if(a=o[r],e.source===a.contentWindow){if(a.removeAttribute(\"style\"),\"height\"===t.message){if(1e3<(i=parseInt(t.value,10)))i=1e3;else if(~~i<200)i=200;a.height=i}if(\"link\"===t.message)if(s=l.createElement(\"a\"),n=l.createElement(\"a\"),s.href=a.getAttribute(\"src\"),n.href=t.value,n.host===s.host)if(l.activeElement===a)d.top.location.href=t.value}}},e)d.addEventListener(\"message\",d.wp.receiveEmbedMessage,!1),l.addEventListener(\"DOMContentLoaded\",t,!1),d.addEventListener(\"load\",t,!1);function t(){if(!o){o=!0;var e,t,r,a,i=-1!==navigator.appVersion.indexOf(\"MSIE 10\"),s=!!navigator.userAgent.match(\/Trident.*rv:11\\.\/),n=l.querySelectorAll(\"iframe.wp-embedded-content\");for(t=0;t<n.length;t++){if(!(r=n[t]).getAttribute(\"data-secret\"))a=Math.random().toString(36).substr(2,10),r.src+=\"#?secret=\"+a,r.setAttribute(\"data-secret\",a);if(i||s)(e=r.cloneNode(!0)).removeAttribute(\"security\"),r.parentNode.replaceChild(e,r)}}}}(window,document);\n\/\/--><!]]>\n<\/script><iframe sandbox=\"allow-scripts\" security=\"restricted\" src=\"https:\/\/blog.carturesti.ro\/carturesti-carusel-se-deschide-in-centrul-istoric-al-bucurestiului\/embed\/\" width=\"600\" height=\"338\" title=\"&#8220;C\u0103rture\u0219ti Carusel se deschide \u00een centrul istoric al Bucure\u0219tiului&#8221; &#8212; Blog Carturesti\" frameborder=\"0\" marginwidth=\"0\" marginheight=\"0\" scrolling=\"no\" class=\"wp-embedded-content\"><\/iframe>","thumbnail_url":"https:\/\/blog.carturesti.ro\/wp-content\/uploads\/2015\/02\/deschidere-carturesti-carusel.jpg","thumbnail_width":2738,"thumbnail_height":1200,"description":"Joi, 12 februarie, de la ora 10:00, o cl\u0103dire-monument din centrul istoric al Bucure\u0219tiului \u00ee\u0219i redeschide u\u0219ile dup\u0103 un sfert de secol pentru a g\u0103zdui C\u0103rture\u0219ti\u00a0 Carusel. Prima c\u0103l\u0103torie \u00een \u201cCaruselul luminii\u201d \u2013 cum a fost supranumit spa\u0163iul noii libr\u0103rii \u2013 va fi marcat\u0103 de la ora 20:00 de un[mai mult...]"}

Cărtureşti

Cărturești Carusel se deschide în centrul istoric al Bucureștiului - Blog Carturesti

<blockquote class="wp-embedded-content"><a href="https://blog.carturesti.ro/carturesti-carusel-se-deschide-in-centrul-istoric-al-bucurestiului/">Cărturești Carusel se deschide în centrul istoric al Bucureștiului</a></blockquote>
<script type='text/javascript'>
<!--//--><![CDATA[//><!--
		!function(d,l){"use strict";var e=!1,o=!1;if(l.querySelector)if(d.addEventListener)e=!0;if(d.wp=d.wp||{},!d.wp.receiveEmbedMessage)if(d.wp.receiveEmbedMessage=function(e){var t=e.data;if(t)if(t.secret||t.message||t.value)if(!/[^a-zA-Z0-9]/.test(t.secret)){var r,a,i,s,n,o=l.querySelectorAll('iframe[data-secret="'+t.secret+'"]'),c=l.querySelectorAll('blockquote[data-secret="'+t.secret+'"]');for(r=0;r<c.length;r++)c[r].style.display="none";for(r=0;r<o.length;r++)if(a=o[r],e.source===a.contentWindow){if(a.removeAttribute("style"),"height"===t.message){if(1e3<(i=parseInt(t.value,10)))i=1e3;else if(~~i<200)i=200;a.height=i}if("link"===t.message)if(s=l.createElement("a"),n=l.createElement("a"),s.href=a.getAttribute("src"),n.href=t.value,n.host===s.host)if(l.activeElement===a)d.top.location.href=t.value}}},e)d.addEventListener("message",d.wp.receiveEmbedMessage,!1),l.addEventListener("DOMContentLoaded",t,!1),d.addEventListener("load",t,!1);function t(){if(!o){o=!0;var e,t,r,a,i=-1!==navigator.appVersion.indexOf("MSIE 10"),s=!!navigator.userAgent.match(/Trident.*rv:11\./),n=l.querySelectorAll("iframe.wp-embedded-content");for(t=0;t<n.length;t++){if(!(r=n[t]).getAttribute("data-secret"))a=Math.random().toString(36).substr(2,10),r.src+="#?secret="+a,r.setAttribute("data-secret",a);if(i||s)(e=r.cloneNode(!0)).removeAttribute("security"),r.parentNode.replaceChild(e,r)}}}}(window,document);
//--><!]]>
</script><iframe sandbox="allow-scripts" security="restricted" src="https://blog.carturesti.ro/carturesti-carusel-se-deschide-in-centrul-istoric-al-bucurestiului/embed/" width="600" height="338" title="&#8220;Cărturești Carusel se deschide în centrul istoric al Bucureștiului&#8221; &#8212; Blog Carturesti" frameborder="0" marginwidth="0" marginheight="0" scrolling="no" class="wp-embedded-content"></iframe>

Joi, 12 februarie, de la ora 10:00, o clădire-monument din centrul istoric al Bucureștiului își redeschide ușile după un sfert de secol pentru a găzdui Cărturești  Carusel. Prima călătorie în “Caruselul luminii” – cum a fost supranumit spaţiul noii librării – va fi marcată de la ora 20:00 de un[mai mult...]
